*2 + 6*o - 13. Let h be y(3). Calculate the greatest common factor of h and 69.
23
Let a(m) = -4*m - 2. Suppose 2 = 5*p - 18, 3*n - 4*p = -1. Let x = 3 - n. Let b be a(x). What is the greatest common factor of b and 12?
6
Let s(b) be the second derivative of -b**3/6 + 6*b**2 - 10*b. Let q be s(-8). Calculate the greatest common factor of 4 and q.
4
Suppose -w + 0*q = -4*q - 37, 5*q = 5*w - 110. Suppose 118 + w = 3*p. What is the greatest common divisor of 5 and p?
5
Let x(s) be the first derivative of s**4/4 - 10*s**3/3 + 8*s**2 + 10*s - 6. Let k be x(8). Calculate the highest common divisor of k and 80.
10
Let a = -2 - -11. Let p = 11 - a. Let i be 61 - (0/(-1) - p). Calculate the highest common factor of i and 7.
7
Suppose -2*h - 3*v = -4*h + 323, 3*v = -5*h + 797. Let a(r) = 40*r - 208. Let g be a(6). Calculate the greatest common factor of g and h.
32
Let w(i) = i**2 + i - 2. Let d be w(-3). Suppose -d*p = -277 - 587. Let b be p/16*4/3. Calculate the highest common factor of b and 27.
9
Let g(d) = 2*d**2 - 138. Let a be g(17). Calculate the highest common factor of a and 176.
88
Let m = -192 + 210. Calculate the highest common factor of m and 60.
6
Let k(n) = n + 15. Let j be k(-15). Suppose j = -8*w + 11*w - 3. Calculate the greatest common divisor of 5 and w.
1
Suppose 0 = 2*n + r - 174, -36*n + 34*n + 162 = 3*r. Suppose -2*h = -10, 0*l - 3*l + 15 = -3*h. Calculate the highest common factor of n and l.
10
Let r(x) = -2*x + 4. Let q(k) = -1. Let u(y) = 5*q(y) - r(y). Let v be u(12). Calculate the highest common divisor of 10 and v.
5
Let f(g) = 2*g**2 + 17*g + 11. Let y be f(-8). Suppose -3*u + 9 + 9 = 5*x, -y*x = -2*u + 31. Calculate the greatest common divisor of u and 297.
11
Let y(p) = -11*p - 4. Let m be y(-7). What is the highest common factor of 803 and m?
73
Let v = -29 + 31. Let x be 29 - (-6 + v - -4). What is the greatest common factor of 203 and x?
29
Suppose 5*w - 1237 = -3*k - 22, -3*w + 729 = -2*k. Let r be 9/(16/12 + -1). Calculate the greatest common factor of w and r.
27
Suppose 0 = 8*u - 0*u - 72. Suppose -u*c + 193 = -752. What is the greatest common divisor of 21 and c?
21
Let o be (-31251)/(-693) - 2/21. Calculate the greatest common factor of o and 1215.
45
Let z = 399 - 249. Calculate the greatest common factor of z and 90.
30
Suppose -17*z = 4*u - 16*z - 8, -4*z = 0. Calculate the greatest common factor of 62 and u.
2
Let f(g) = -g**3 + 5*g**2 - 3*g - 10. Let q be f(5). Let h = q - -29. Calculate the highest common factor of h and 20.
4
Let i(t) = -t**2 - 9*t - 4. Let f be i(-8). Let k(j) = 12*j + 3. Let m be k(f). Calculate the greatest common factor of 17 and m.
17
Let z(p) = 5*p + 162. Let g be z(-30). What is the greatest common divisor of g and 108?
12
Let k = 887 + -406. Calculate the greatest common divisor of 37 and k.
37
Let n(j) = 2*j + 4. Let l be n(4). Suppose 3*x = z - l, -4*x - 9 = -2*z + 15. Calculate the highest common factor of z and 18.
6
Suppose -5*s - 54 = -0*h - 2*h, -2*s = -2*h + 48. Let o be (4 + 2)/(1/11). What is the highest common divisor of o and h?
22
Let j(u) = 24*u**2 + 3*u + 7. Let q be j(3). Calculate the highest common factor of q and 174.
58
Let x(p) = -p**3 + 4*p**2 + 7*p - 6. Let s be x(5). Let d(q) = -q**3 - 3*q**2 - 4*q + 2. Let g be d(-2). What is the highest common factor of s and g?
2
Let u be 2926/(-76)*(-12)/14. Calculate the highest common divisor of u and 55.
11
Let r = -38 + 74. Let f be (-1252)/r + 4/(-18). Let c = f + 52. What is the greatest common factor of c and 17?
17
Suppose 16 = 6*d - 4*d. Let o be -33*-12*(-6)/(-27). What is the greatest common divisor of o and d?
8
Let z(p) = -p + 7. Let r be z(3). Suppose -30 = -r*q + q. Let u be ((-4)/6)/((-1)/165). Calculate the greatest common divisor of q and u.
10
Suppose -19 = -2*k - 5. Suppose -5*c + 0*f + 22 = 2*f, -3*c + k = -5*f. What is the highest common factor of c and 10?
2
Let c = -97 - -4. Let w = 141 + c. Calculate the highest common divisor of w and 16.
16
Suppose q + 0 = -3. Let o(r) = -5*r + 6. Let t be o(q). What is the greatest common factor of 3 and t?
3
Suppose -3*b + 477 = -3*h, -19*b + 315 = -17*b - 3*h. What is the greatest common divisor of 126 and b?
18
Let v be -2*(-35)/10 - 2. Suppose -14 = -2*j + 2*c, 0 = -4*j + 2*j - v*c + 49. What is the highest common divisor of j and 36?
12
Let m(j) = 102*j + 244. Let d be m(9). What is the greatest common divisor of 14 and d?
14
Suppose 0 = -496*s + 521*s - 3125. What is the greatest common factor of 425 and s?
25
Let v(m) = m**2 - 2*m - 31. Let l be v(-15). Let b = l + -143. Calculate the greatest common divisor of 9 and b.
9
Let k = -392 - -457. What is the highest common divisor of k and 91?
13
Let g(k) = 6*k + 1. Suppose 16 = 2*b - 0*b. Let s be g(b). Calculate the greatest common factor of 7 and s.
7
Let w = 1946 - 1814. What is the greatest common factor of w and 20?
4
Let r be 2/5 + 33/5. Suppose r*j - 85 = 2*j. Let z be j - 4/12*6. Calculate the greatest common divisor of z and 165.
15
Let w be 11/(-1)*(-6 - 12/(-6)). Let l be 10/(-35) + w/7. Let u(s) = s**2 + 2*s + 3. Let j be u(-2). What is the highest common divisor of l and j?
3
Let z be 4/(-6) - ((-248)/12 - 0). Calculate the highest common factor of z and 180.
20
Let x = -249 + -261. Let p be (6/5)/(498/x - -1). What is the greatest common divisor of 3 and p?
3
Let h = 719 - 631. Let j = -10 - -18. Suppose -j = -5*s + 4*s. What is the greatest common factor of s and h?
8
Suppose 0 = -45*a + 5530 + 43070. Calculate the highest common divisor of a and 36.
36
Let g be (-20)/6*-4*(-6)/(-16). What is the highest common divisor of 240 and g?
5
Suppose -639*y + 55 = -634*y. What is the highest common factor of 176 and y?
11
Let q be 1 + (1 - 0) + 1. Let b = q + -1. Let a(p) = -p**3 - 17*p**2 - 5*p - 77. Let s be a(-17). Calculate the greatest common divisor of s and b.
2
Let z(l) = 7*l - 34. Let b be z(5). Calculate the greatest common divisor of b and 64.
1
Let s(l) = -l**3 + l + 1. Let n(x) = 4*x**3 - x**2 - 2*x - 11. Let y(m) = n(m) + 5*s(m). Let z be y(-4). Calculate the highest common factor of z and 45.
15
Let i be -38*1/(-2) - 0. Suppose 3*z - 53 = 157. Let o = z - -6. Calculate the highest common factor of o and i.
19
Suppose 6 - 8 = -t. Let h be (2/(-2) + 295)*1/t. What is the highest common divisor of h and 21?
21
Let z(i) = 2*i**2 - 7*i - 19. Let n be z(9). What is the highest common factor of 32 and n?
16
Let l = -62 + 125. Suppose 48 - l = -3*n. Let k = 1 + n. Calculate the highest common factor of k and 4.
2
Let f(d) = -d**3 - d + 8. Let l be f(0). Let o = l + -1. Suppose 9*y = o*y + 8. What is the greatest common factor of 36 and y?
4
Let n be (-3136)/168*(-2 + (-32)/14). Calculate the greatest common divisor of n and 210.
10
Let u be 42/(-4)*(-5 + 1). Suppose 5*q = 43 + u. What is the highest common divisor of 187 and q?
17
Let r be (-2)/7 - 74/(-14). Suppose 432 = r*x + x. Calculate the greatest common factor of 8 and x.
8
Suppose -4*s + 1041 = 5*w, 2*w - s - 270 = 149. Let c be 2/5 - (-279)/15. What is the greatest common factor of w and c?
19
Let y(k) = k**2 - 4*k + 1. Let t be y(-9). Let a = t - -238. Suppose -4*z + a = 2*w, -660 = -w - 3*w + 5*z. What is the greatest common divisor of w and 17?
17
Let f(c) = 38*c**2 + 9*c + 8. Let v(x) = -37*x**2 - 8*x - 7. Let g(n) = -6*f(n) - 7*v(n). Let o be g(-1). What is the highest common factor of 6 and o?
6
Let j(o) = 3*o**2 - 7*o + 4. Let c be j(4). Let l be 14/(-35) + 182/5. Let d = l - -24. What is the highest common divisor of d and c?
12
Let b = -136 - -152. Suppose -c + 3*v = -b, c - 13 = 5*v - 1. Let k be 1 + 4/(-2) + 34. Calculate the greatest common factor of k and c.
11
Suppose 5*d - 4*n = 6550, 2*n = 6*n. Let v = -710 + d. Suppose -v = -3*c - 2*c. What is the highest common factor of c and 15?
15
Let q be 1*-1 - 5*7/(-5). What is the greatest common divisor of 33 and q?
3
Let f(u) = -2*u**2 - 11*u - 11. Let s be f(-5). Let r(l) = -2*l**3 - 10*l**2 + 3*l - 14. Let w be r(s). What is the highest common factor of 60 and w?
20
Suppose -104*s + 105*s - 104 = 0. Calculate the greatest common divisor of 39 and s.
13
Let p(t) = t**2 + 9*t + 16. Let c be p(-4). Let f be ((-35)/15)/(c/228). What is the greatest common factor of 19